{"id":87,"date":"2024-02-03T15:19:35","date_gmt":"2024-02-03T15:19:35","guid":{"rendered":"https:\/\/spmsarl.ml\/?page_id=87"},"modified":"2024-02-05T00:58:05","modified_gmt":"2024-02-05T00:58:05","slug":"action-sociale","status":"publish","type":"page","link":"https:\/\/spmsarl.ml\/index.php\/action-sociale\/","title":{"rendered":"Action Sociale"},"content":{"rendered":"\t\t<div data-elementor-type=\"wp-page\" data-elementor-id=\"87\" class=\"elementor elementor-87\">\n\t\t\t\t<div class=\"elementor-element elementor-element-34b282bd e-flex e-con-boxed e-con e-parent\" data-id=\"34b282bd\" data-element_type=\"container\" data-e-type=\"container\">\n\t\t\t\t\t<div class=\"e-con-inner\">\n\t\t\t\t<div class=\"elementor-element elementor-element-61d94a3c elementor-widget elementor-widget-heading\" data-id=\"61d94a3c\" data-element_type=\"widget\" data-e-type=\"widget\" data-widget_type=\"heading.default\">\n\t\t\t\t<div class=\"elementor-widget-container\">\n\t\t\t\t\t<h2 class=\"elementor-heading-title elementor-size-default\">R\u00e9pondre aux besoins, notre cr\u00e9do<\/h2>\t\t\t\t<\/div>\n\t\t\t\t<\/div>\n\t\t\t\t\t<\/div>\n\t\t\t\t<\/div>\n\t\t<div class=\"elementor-element elementor-element-7f536acc e-flex e-con-boxed e-con e-parent\" data-id=\"7f536acc\" data-element_type=\"container\" data-e-type=\"container\">\n\t\t\t\t\t<div class=\"e-con-inner\">\n\t\t\t\t<div class=\"elementor-element elementor-element-15f3f68b elementor-widget elementor-widget-image\" data-id=\"15f3f68b\" data-element_type=\"widget\" data-e-type=\"widget\" data-widget_type=\"image.default\">\n\t\t\t\t<div class=\"elementor-widget-container\">\n\t\t\t\t\t\t\t\t\t\t\t\t\t\t\t<img fetchpriority=\"high\" decoding=\"async\" width=\"300\" height=\"168\" src=\"https:\/\/spmsarl.ml\/wp-content\/uploads\/2024\/02\/actu-action-sociale-300x168.jpg\" class=\"attachment-medium size-medium wp-image-11\" alt=\"\" srcset=\"https:\/\/spmsarl.ml\/wp-content\/uploads\/2024\/02\/actu-action-sociale-300x168.jpg 300w, https:\/\/spmsarl.ml\/wp-content\/uploads\/2024\/02\/actu-action-sociale.jpg 570w\" sizes=\"(max-width: 300px) 100vw, 300px\" \/>\t\t\t\t\t\t\t\t\t\t\t\t\t\t\t<\/div>\n\t\t\t\t<\/div>\n\t\t\t\t\t<\/div>\n\t\t\t\t<\/div>\n\t\t<div class=\"elementor-element elementor-element-2b150152 e-flex e-con-boxed e-con e-parent\" data-id=\"2b150152\" data-element_type=\"container\" data-e-type=\"container\">\n\t\t\t\t\t<div class=\"e-con-inner\">\n\t\t<div class=\"elementor-element elementor-element-326e72b3 e-con-full e-flex e-con e-child\" data-id=\"326e72b3\" data-element_type=\"container\" data-e-type=\"container\">\n\t\t\t\t<div class=\"elementor-element elementor-element-25524a0 elementor-widget elementor-widget-text-editor\" data-id=\"25524a0\" data-element_type=\"widget\" data-e-type=\"widget\" data-widget_type=\"text-editor.default\">\n\t\t\t\t<div class=\"elementor-widget-container\">\n\t\t\t\t\t\t\t\t\t<div class=\"stm_animation stm_viewport\" data-animate=\"slideInLeft\" data-animation-delay=\"0.3\" data-animation-duration=\"0.5\" data-viewport_position=\"90\"><div class=\"wpb_text_column wpb_content_element vc_custom_1674686751413 animated slideInLeft\"><div class=\"wpb_wrapper\"><p><strong>Comme service SPM SARL intervient \u00e9galement dans l\u2019action social:<\/strong><\/p><\/div><\/div><\/div><div class=\"stm_animation stm_viewport\" data-animate=\"slideInLeft\" data-animation-delay=\"0.3\" data-animation-duration=\"0.5\" data-viewport_position=\"90\"><div class=\"icon_box style_3 clearfix animated slideInLeft\"><div class=\"icon_box_inner\"><div class=\"icon  font-color_default font-color_base_bg border-color_third\">\u00a0<\/div><div class=\"icon_text\"><p>Prise en charge des enfants br\u00fbl\u00e9s :<\/p><ul><li><strong>La fondation Noufissa pharma 5<\/strong><\/li><\/ul><p>\u00a0<\/p><\/div><\/div><\/div><div class=\"wpb_text_column wpb_content_element vc_custom_1674688131079 animated slideInLeft\"><div class=\"wpb_wrapper\"><p>Dr Kalil Joseph Tour\u00e9, repr\u00e9sentant de Pharma 5 au Mali, a proc\u00e9d\u00e9 a des actions qui ont \u00e9t\u00e9 focalis\u00e9es sur la prise en charge des enfants br\u00fbl\u00e9s \u00e0 travers la fondation Noufissa. Cette action vise \u00e0 prendre en charge par trimestre 4 \u00e0 5 enfants.<\/p><\/div><\/div><\/div><div class=\"stm_animation stm_viewport\" data-animate=\"slideInLeft\" data-animation-delay=\"0.3\" data-animation-duration=\"0.5\" data-viewport_position=\"90\"><div class=\"icon_box style_3 clearfix animated slideInLeft\"><div class=\"icon_box_inner\"><div class=\"icon  font-color_default font-color_base_bg border-color_third\">\u00a0<\/div><div class=\"icon_text\"><ul><li><strong>Lutte contre la pand\u00e9mie de coronavirus.<\/strong><\/li><\/ul><p>\u00a0<\/p><p>Afin de contribuer \u00e0 l\u2019effort du gouvernement dans la lutte contre la propagation du coronavirus, le laboratoire pharmaceutique Denk Pharma repr\u00e9sent\u00e9 par SPM SARL avec \u00e0 sa t\u00eate Dr Kalil joseph Tour\u00e9, a offert au conseil r\u00e9gional de l\u2019ordre des m\u00e9decins du district de Bamako (CROM), le samedi 16 mai 2020, d\u2019importants kits de protection. D\u2019une valeur de quatre (4) millions de FCFA, ce don \u00e9tait essentiellement compos\u00e9 de kits de lavage des mains, de gels d\u00e9sinfectants, de gants et de masques chirurgicaux. C\u2019\u00e9tait \u00e0 Hamdallaye ACI 2000, au si\u00e8ge des ordres professionnels de la sant\u00e9, sous la pr\u00e9sidence de M. Yaya Wa\u00efgalo, repr\u00e9sentant du gouverneur du district de Bamako.<\/p><\/div><\/div><\/div><\/div>\t\t\t\t\t\t\t\t<\/div>\n\t\t\t\t<\/div>\n\t\t\t\t<\/div>\n\t\t<div class=\"elementor-element elementor-element-11f7a22c e-con-full e-flex e-con e-child\" data-id=\"11f7a22c\" data-element_type=\"container\" data-e-type=\"container\">\n\t\t\t\t<div class=\"elementor-element elementor-element-6f5deca4 elementor-arrows-position-inside elementor-pagination-position-outside elementor-widget elementor-widget-image-carousel\" data-id=\"6f5deca4\" data-element_type=\"widget\" data-e-type=\"widget\" data-settings=\"{&quot;slides_to_show&quot;:&quot;1&quot;,&quot;navigation&quot;:&quot;both&quot;,&quot;autoplay&quot;:&quot;yes&quot;,&quot;pause_on_hover&quot;:&quot;yes&quot;,&quot;pause_on_interaction&quot;:&quot;yes&quot;,&quot;autoplay_speed&quot;:5000,&quot;infinite&quot;:&quot;yes&quot;,&quot;effect&quot;:&quot;slide&quot;,&quot;speed&quot;:500}\" data-widget_type=\"image-carousel.default\">\n\t\t\t\t<div class=\"elementor-widget-container\">\n\t\t\t\t\t\t\t<div class=\"elementor-image-carousel-wrapper swiper\" role=\"region\" aria-roledescription=\"carousel\" aria-label=\"Carrousel d\u2019images\" dir=\"ltr\">\n\t\t\t<div class=\"elementor-image-carousel swiper-wrapper\" aria-live=\"off\">\n\t\t\t\t\t\t\t\t<div class=\"swiper-slide\" role=\"group\" aria-roledescription=\"slide\" aria-label=\"1 sur 2\"><figure class=\"swiper-slide-inner\"><img decoding=\"async\" class=\"swiper-slide-image\" src=\"https:\/\/spmsarl.ml\/wp-content\/uploads\/2024\/02\/IMG-20231112-WA0209-225x300.jpg\" alt=\"IMG-20231112-WA0209\" \/><\/figure><\/div><div class=\"swiper-slide\" role=\"group\" aria-roledescription=\"slide\" aria-label=\"2 sur 2\"><figure class=\"swiper-slide-inner\"><img decoding=\"async\" class=\"swiper-slide-image\" src=\"https:\/\/spmsarl.ml\/wp-content\/uploads\/2024\/02\/IMG-20231112-WA0224-225x300.jpg\" alt=\"IMG-20231112-WA0224\" \/><\/figure><\/div>\t\t\t<\/div>\n\t\t\t\t\t\t\t\t\t\t\t\t<div class=\"elementor-swiper-button elementor-swiper-button-prev\" role=\"button\" tabindex=\"0\">\n\t\t\t\t\t\t<svg aria-hidden=\"true\" class=\"e-font-icon-svg e-eicon-chevron-left\" viewBox=\"0 0 1000 1000\" xmlns=\"http:\/\/www.w3.org\/2000\/svg\"><path d=\"M646 125C629 125 613 133 604 142L308 442C296 454 292 471 292 487 292 504 296 521 308 533L604 854C617 867 629 875 646 875 663 875 679 871 692 858 704 846 713 829 713 812 713 796 708 779 692 767L438 487 692 225C700 217 708 204 708 187 708 171 704 154 692 142 675 129 663 125 646 125Z\"><\/path><\/svg>\t\t\t\t\t<\/div>\n\t\t\t\t\t<div class=\"elementor-swiper-button elementor-swiper-button-next\" role=\"button\" tabindex=\"0\">\n\t\t\t\t\t\t<svg aria-hidden=\"true\" class=\"e-font-icon-svg e-eicon-chevron-right\" viewBox=\"0 0 1000 1000\" xmlns=\"http:\/\/www.w3.org\/2000\/svg\"><path d=\"M696 533C708 521 713 504 713 487 713 471 708 454 696 446L400 146C388 133 375 125 354 125 338 125 325 129 313 142 300 154 292 171 292 187 292 204 296 221 308 233L563 492 304 771C292 783 288 800 288 817 288 833 296 850 308 863 321 871 338 875 354 875 371 875 388 867 400 854L696 533Z\"><\/path><\/svg>\t\t\t\t\t<\/div>\n\t\t\t\t\n\t\t\t\t\t\t\t\t\t<div class=\"swiper-pagination\"><\/div>\n\t\t\t\t\t\t\t\t\t<\/div>\n\t\t\t\t\t\t<\/div>\n\t\t\t\t<\/div>\n\t\t\t\t<\/div>\n\t\t\t\t\t<\/div>\n\t\t\t\t<\/div>\n\t\t\t\t<\/div>\n\t\t","protected":false},"excerpt":{"rendered":"<p>R\u00e9pondre aux besoins, notre cr\u00e9do Comme service SPM SARL intervient \u00e9galement dans l\u2019action social: \u00a0 Prise en charge des enfants br\u00fbl\u00e9s : La fondation Noufissa pharma 5 \u00a0 Dr Kalil Joseph Tour\u00e9, repr\u00e9sentant de Pharma 5 au Mali, a proc\u00e9d\u00e9 a des actions qui ont \u00e9t\u00e9 focalis\u00e9es sur la prise en charge des enfants br\u00fbl\u00e9s [&hellip;]<\/p>\n","protected":false},"author":1,"featured_media":11,"parent":0,"menu_order":0,"comment_status":"closed","ping_status":"closed","template":"elementor_header_footer","meta":{"_eb_attr":"","footnotes":""},"class_list":["post-87","page","type-page","status-publish","has-post-thumbnail","hentry"],"_links":{"self":[{"href":"https:\/\/spmsarl.ml\/index.php\/wp-json\/wp\/v2\/pages\/87","targetHints":{"allow":["GET"]}}],"collection":[{"href":"https:\/\/spmsarl.ml\/index.php\/wp-json\/wp\/v2\/pages"}],"about":[{"href":"https:\/\/spmsarl.ml\/index.php\/wp-json\/wp\/v2\/types\/page"}],"author":[{"embeddable":true,"href":"https:\/\/spmsarl.ml\/index.php\/wp-json\/wp\/v2\/users\/1"}],"replies":[{"embeddable":true,"href":"https:\/\/spmsarl.ml\/index.php\/wp-json\/wp\/v2\/comments?post=87"}],"version-history":[{"count":7,"href":"https:\/\/spmsarl.ml\/index.php\/wp-json\/wp\/v2\/pages\/87\/revisions"}],"predecessor-version":[{"id":173,"href":"https:\/\/spmsarl.ml\/index.php\/wp-json\/wp\/v2\/pages\/87\/revisions\/173"}],"wp:featuredmedia":[{"embeddable":true,"href":"https:\/\/spmsarl.ml\/index.php\/wp-json\/wp\/v2\/media\/11"}],"wp:attachment":[{"href":"https:\/\/spmsarl.ml\/index.php\/wp-json\/wp\/v2\/media?parent=87"}],"curies":[{"name":"wp","href":"https:\/\/api.w.org\/{rel}","templated":true}]}}