{"id":82,"date":"2024-02-03T15:17:47","date_gmt":"2024-02-03T15:17:47","guid":{"rendered":"https:\/\/spmsarl.ml\/?page_id=82"},"modified":"2024-02-05T00:51:19","modified_gmt":"2024-02-05T00:51:19","slug":"formation","status":"publish","type":"page","link":"https:\/\/spmsarl.ml\/index.php\/formation\/","title":{"rendered":"Formation"},"content":{"rendered":"\t\t<div data-elementor-type=\"wp-page\" data-elementor-id=\"82\" class=\"elementor elementor-82\">\n\t\t\t\t<div class=\"elementor-element elementor-element-26780525 e-flex e-con-boxed e-con e-parent\" data-id=\"26780525\" data-element_type=\"container\" data-e-type=\"container\">\n\t\t\t\t\t<div class=\"e-con-inner\">\n\t\t\t\t<div class=\"elementor-element elementor-element-1c3f5bed elementor-widget elementor-widget-heading\" data-id=\"1c3f5bed\" data-element_type=\"widget\" data-e-type=\"widget\" data-widget_type=\"heading.default\">\n\t\t\t\t<div class=\"elementor-widget-container\">\n\t\t\t\t\t<h2 class=\"elementor-heading-title elementor-size-default\">La formation, cl\u00e9 de notre succ\u00e8s<\/h2>\t\t\t\t<\/div>\n\t\t\t\t<\/div>\n\t\t\t\t\t<\/div>\n\t\t\t\t<\/div>\n\t\t<div class=\"elementor-element elementor-element-e333598 e-flex e-con-boxed e-con e-parent\" data-id=\"e333598\" data-element_type=\"container\" data-e-type=\"container\">\n\t\t\t\t\t<div class=\"e-con-inner\">\n\t\t\t\t<div class=\"elementor-element elementor-element-3e62d246 elementor-widget elementor-widget-image\" data-id=\"3e62d246\" data-element_type=\"widget\" data-e-type=\"widget\" data-widget_type=\"image.default\">\n\t\t\t\t<div class=\"elementor-widget-container\">\n\t\t\t\t\t\t\t\t\t\t\t\t\t\t\t<img decoding=\"async\" width=\"300\" height=\"149\" src=\"https:\/\/spmsarl.ml\/wp-content\/uploads\/2024\/02\/selection-formation-gestion-projet-93-1110x550-1-300x149.jpeg\" class=\"attachment-medium size-medium wp-image-23\" alt=\"\" srcset=\"https:\/\/spmsarl.ml\/wp-content\/uploads\/2024\/02\/selection-formation-gestion-projet-93-1110x550-1-300x149.jpeg 300w, https:\/\/spmsarl.ml\/wp-content\/uploads\/2024\/02\/selection-formation-gestion-projet-93-1110x550-1-1024x507.jpeg 1024w, https:\/\/spmsarl.ml\/wp-content\/uploads\/2024\/02\/selection-formation-gestion-projet-93-1110x550-1-768x381.jpeg 768w, https:\/\/spmsarl.ml\/wp-content\/uploads\/2024\/02\/selection-formation-gestion-projet-93-1110x550-1.jpeg 1110w\" sizes=\"(max-width: 300px) 100vw, 300px\" \/>\t\t\t\t\t\t\t\t\t\t\t\t\t\t\t<\/div>\n\t\t\t\t<\/div>\n\t\t\t\t\t<\/div>\n\t\t\t\t<\/div>\n\t\t<div class=\"elementor-element elementor-element-1a2d0e94 e-flex e-con-boxed e-con e-parent\" data-id=\"1a2d0e94\" data-element_type=\"container\" data-e-type=\"container\">\n\t\t\t\t\t<div class=\"e-con-inner\">\n\t\t<div class=\"elementor-element elementor-element-298539ac e-con-full e-flex e-con e-child\" data-id=\"298539ac\" data-element_type=\"container\" data-e-type=\"container\">\n\t\t\t\t<div class=\"elementor-element elementor-element-1cf177b8 elementor-widget elementor-widget-text-editor\" data-id=\"1cf177b8\" data-element_type=\"widget\" data-e-type=\"widget\" data-widget_type=\"text-editor.default\">\n\t\t\t\t<div class=\"elementor-widget-container\">\n\t\t\t\t\t\t\t\t\t<div class=\"wpb_text_column wpb_content_element  vc_custom_1674691846764\"><div class=\"wpb_wrapper\"><p>En fonction des besoins des laboratoires partenaires, nous organisons des formations taill\u00e9es sur mesure pour la mise \u00e0 niveau ou le renforcement des capacit\u00e9s de leurs d\u00e9l\u00e9gu\u00e9s m\u00e9dicaux en pr\u00e9sentiel ou distanciel.<\/p><p>Les points fort de SPM\u00a0:<\/p><\/div><\/div><div class=\"stm_animation stm_viewport\" data-animate=\"slideInLeft\" data-animation-delay=\"0.3\" data-animation-duration=\"0.5\" data-viewport_position=\"90\"><div class=\"icon_box style_3 clearfix animated slideInLeft\"><div class=\"icon_box_inner\"><div class=\"icon  font-color_default font-color_base_bg border-color_third\">\u00a0<\/div><div class=\"icon_text\"><ul><li><strong>Des intervenants professionnels et des experts reconnus<\/strong><\/li><\/ul><\/div><\/div><\/div><\/div><div class=\"stm_animation stm_viewport\" data-animate=\"slideInLeft\" data-animation-delay=\"0.3\" data-animation-duration=\"0.5\" data-viewport_position=\"90\"><div class=\"icon_box style_3 clearfix animated slideInLeft\"><div class=\"icon_box_inner\"><div class=\"icon_text\"><ul><li><strong>Une collaboration fructueuse avec plusieurs laboratoires pharmaceutique;<\/strong><\/li><\/ul><\/div><\/div><\/div><\/div><div class=\"stm_animation stm_viewport\" data-animate=\"slideInLeft\" data-animation-delay=\"0.3\" data-animation-duration=\"0.5\" data-viewport_position=\"90\"><div class=\"icon_box style_3 clearfix animated slideInLeft\"><div class=\"icon_box_inner\"><div class=\"icon_text\"><ul><li><strong>Des locaux accueillants offrant un cadre id\u00e9al pour l\u2019apprentissage;<\/strong><\/li><\/ul><\/div><\/div><\/div><\/div><div class=\"stm_animation stm_viewport\" data-animate=\"slideInLeft\" data-animation-delay=\"0.3\" data-animation-duration=\"0.5\" data-viewport_position=\"90\"><div class=\"icon_box style_3 clearfix animated slideInLeft\"><div class=\"icon_box_inner\"><div class=\"icon_text\"><ul><li><strong>De tr\u00e8s grandes salles digitalis\u00e9s permettant des visioconf\u00e9rences de qualit\u00e9.<\/strong><\/li><\/ul><\/div><\/div><\/div><\/div>\t\t\t\t\t\t\t\t<\/div>\n\t\t\t\t<\/div>\n\t\t\t\t<\/div>\n\t\t<div class=\"elementor-element elementor-element-b31f1c9 e-con-full e-flex e-con e-child\" data-id=\"b31f1c9\" data-element_type=\"container\" data-e-type=\"container\">\n\t\t\t\t<div class=\"elementor-element elementor-element-78d9b254 elementor-arrows-position-inside elementor-pagination-position-outside elementor-widget elementor-widget-image-carousel\" data-id=\"78d9b254\" data-element_type=\"widget\" data-e-type=\"widget\" data-settings=\"{&quot;slides_to_show&quot;:&quot;1&quot;,&quot;navigation&quot;:&quot;both&quot;,&quot;autoplay&quot;:&quot;yes&quot;,&quot;pause_on_hover&quot;:&quot;yes&quot;,&quot;pause_on_interaction&quot;:&quot;yes&quot;,&quot;autoplay_speed&quot;:5000,&quot;infinite&quot;:&quot;yes&quot;,&quot;effect&quot;:&quot;slide&quot;,&quot;speed&quot;:500}\" data-widget_type=\"image-carousel.default\">\n\t\t\t\t<div class=\"elementor-widget-container\">\n\t\t\t\t\t\t\t<div class=\"elementor-image-carousel-wrapper swiper\" role=\"region\" aria-roledescription=\"carousel\" aria-label=\"Carrousel d\u2019images\" dir=\"ltr\">\n\t\t\t<div class=\"elementor-image-carousel swiper-wrapper\" aria-live=\"off\">\n\t\t\t\t\t\t\t\t<div class=\"swiper-slide\" role=\"group\" aria-roledescription=\"slide\" aria-label=\"1 sur 3\"><figure class=\"swiper-slide-inner\"><img decoding=\"async\" class=\"swiper-slide-image\" src=\"https:\/\/spmsarl.ml\/wp-content\/uploads\/2024\/02\/IMG-20231112-WA0209-225x300.jpg\" alt=\"IMG-20231112-WA0209\" \/><\/figure><\/div><div class=\"swiper-slide\" role=\"group\" aria-roledescription=\"slide\" aria-label=\"2 sur 3\"><figure class=\"swiper-slide-inner\"><img decoding=\"async\" class=\"swiper-slide-image\" src=\"https:\/\/spmsarl.ml\/wp-content\/uploads\/2024\/02\/IMG-20231112-WA0224-225x300.jpg\" alt=\"IMG-20231112-WA0224\" \/><\/figure><\/div><div class=\"swiper-slide\" role=\"group\" aria-roledescription=\"slide\" aria-label=\"3 sur 3\"><figure class=\"swiper-slide-inner\"><img decoding=\"async\" class=\"swiper-slide-image\" src=\"https:\/\/spmsarl.ml\/wp-content\/uploads\/2024\/02\/default-4538322_960_720-300x300.png\" alt=\"default-4538322_960_720\" \/><\/figure><\/div>\t\t\t<\/div>\n\t\t\t\t\t\t\t\t\t\t\t\t<div class=\"elementor-swiper-button elementor-swiper-button-prev\" role=\"button\" tabindex=\"0\">\n\t\t\t\t\t\t<svg aria-hidden=\"true\" class=\"e-font-icon-svg e-eicon-chevron-left\" viewBox=\"0 0 1000 1000\" xmlns=\"http:\/\/www.w3.org\/2000\/svg\"><path d=\"M646 125C629 125 613 133 604 142L308 442C296 454 292 471 292 487 292 504 296 521 308 533L604 854C617 867 629 875 646 875 663 875 679 871 692 858 704 846 713 829 713 812 713 796 708 779 692 767L438 487 692 225C700 217 708 204 708 187 708 171 704 154 692 142 675 129 663 125 646 125Z\"><\/path><\/svg>\t\t\t\t\t<\/div>\n\t\t\t\t\t<div class=\"elementor-swiper-button elementor-swiper-button-next\" role=\"button\" tabindex=\"0\">\n\t\t\t\t\t\t<svg aria-hidden=\"true\" class=\"e-font-icon-svg e-eicon-chevron-right\" viewBox=\"0 0 1000 1000\" xmlns=\"http:\/\/www.w3.org\/2000\/svg\"><path d=\"M696 533C708 521 713 504 713 487 713 471 708 454 696 446L400 146C388 133 375 125 354 125 338 125 325 129 313 142 300 154 292 171 292 187 292 204 296 221 308 233L563 492 304 771C292 783 288 800 288 817 288 833 296 850 308 863 321 871 338 875 354 875 371 875 388 867 400 854L696 533Z\"><\/path><\/svg>\t\t\t\t\t<\/div>\n\t\t\t\t\n\t\t\t\t\t\t\t\t\t<div class=\"swiper-pagination\"><\/div>\n\t\t\t\t\t\t\t\t\t<\/div>\n\t\t\t\t\t\t<\/div>\n\t\t\t\t<\/div>\n\t\t\t\t<\/div>\n\t\t\t\t\t<\/div>\n\t\t\t\t<\/div>\n\t\t\t\t<\/div>\n\t\t","protected":false},"excerpt":{"rendered":"<p>La formation, cl\u00e9 de notre succ\u00e8s En fonction des besoins des laboratoires partenaires, nous organisons des formations taill\u00e9es sur mesure pour la mise \u00e0 niveau ou le renforcement des capacit\u00e9s de leurs d\u00e9l\u00e9gu\u00e9s m\u00e9dicaux en pr\u00e9sentiel ou distanciel. Les points fort de SPM\u00a0: \u00a0 Des intervenants professionnels et des experts reconnus Une collaboration fructueuse avec [&hellip;]<\/p>\n","protected":false},"author":1,"featured_media":0,"parent":0,"menu_order":0,"comment_status":"closed","ping_status":"closed","template":"elementor_header_footer","meta":{"_eb_attr":"","footnotes":""},"class_list":["post-82","page","type-page","status-publish","hentry"],"_links":{"self":[{"href":"https:\/\/spmsarl.ml\/index.php\/wp-json\/wp\/v2\/pages\/82","targetHints":{"allow":["GET"]}}],"collection":[{"href":"https:\/\/spmsarl.ml\/index.php\/wp-json\/wp\/v2\/pages"}],"about":[{"href":"https:\/\/spmsarl.ml\/index.php\/wp-json\/wp\/v2\/types\/page"}],"author":[{"embeddable":true,"href":"https:\/\/spmsarl.ml\/index.php\/wp-json\/wp\/v2\/users\/1"}],"replies":[{"embeddable":true,"href":"https:\/\/spmsarl.ml\/index.php\/wp-json\/wp\/v2\/comments?post=82"}],"version-history":[{"count":7,"href":"https:\/\/spmsarl.ml\/index.php\/wp-json\/wp\/v2\/pages\/82\/revisions"}],"predecessor-version":[{"id":169,"href":"https:\/\/spmsarl.ml\/index.php\/wp-json\/wp\/v2\/pages\/82\/revisions\/169"}],"wp:attachment":[{"href":"https:\/\/spmsarl.ml\/index.php\/wp-json\/wp\/v2\/media?parent=82"}],"curies":[{"name":"wp","href":"https:\/\/api.w.org\/{rel}","templated":true}]}}